What is the units digit of 801446036?
6
What is the tens digit of 64591480?
8
What is the tens digit of 17318763?
6
What is the tens digit of 1332658223?
2
What is the tens digit of 2653762236?
3
What is the thousands digit of 1457768184?
8
What is the millions digit of 823207905?
3
What is the millions digit of 44478246?
4
What is the ten millions digit of 19080706?
1
What is the units digit of 2516801690?
0
What is the tens digit of 448842531?
3
What is the ten millions digit of 372250978?
7
What is the ten thousands digit of 5813896335?
9
What is the thousands digit of 40469112?
9
What is the hundred millions digit of 1594664310?
5
What is the millions digit of 16990301?
6
What is the tens digit of 207012530?
3
What is the thousands digit of 51685585?
5
What is the units digit of 30792911?
1
What is the hundred thousands digit of 62063026?
0
What is the hundreds digit of 14157325?
3
What is the billions digit of 3354328927?
3
What is the billions digit of 2752439994?
2
What is the hundred millions digit of 1432579466?
4
What is the hundreds digit of 87455473?
4
What is the units digit of 2442536935?
5
What is the hundreds digit of 468001124?
1
What is the tens digit of 350547920?
2
What is the hundreds digit of 192437538?
5
What is the units digit of 1112681019?
9
What is the millions digit of 1636019597?
6
What is the tens digit of 980883522?
2
What is the millions digit of 2709189214?
9
What is the hundred thousands digit of 55708019?
7
What is the billions digit of 2244167772?
2
What is the thousands digit of 149884265?
4
What is the tens digit of 784970765?
6
What is the ten millions digit of 2449558037?
4
What is the hundred thousands digit of 4874034228?
0
What is the billions digit of 1442933898?
1
What is the millions digit of 391695224?
1
What is the ten millions digit of 301976188?
0
What is the ten millions digit of 119575011?
1
What is the units digit of 69538772?
2
What is the ten thousands digit of 318286841?
8
What is the tens digit of 111798636?
3
What is the units digit of 808572470?
0
What is the hundred thousands digit of 64629731?
6
What is the tens digit of 444924671?
7
What is the hundred thousands digit of 3046296072?
2
What is the units digit of 147518596?
6
What is the millions digit of 7411424?
7
What is the hundred millions digit of 6838071307?
8
What is the ten millions digit of 363274374?
6
What is the tens digit of 122655913?
1
What is the billions digit of 5630687855?
5
What is the hundred millions digit of 3923214929?
9
What is the ten millions digit of 110956638?
1
What is the hundreds digit of 1238821669?
6
What is the tens digit of 27385555?
5
What is the thousands digit of 198136900?
6
What is the units digit of 144033278?
8
What is the millions digit of 133885028?
3
What is the hundred thousands digit of 2425755?
4
What is the millions digit of 24594325?
4
What is the hundreds digit of 837868726?
7
What is the hundred thousands digit of 4428077775?
0
What is the ten millions digit of 28552744?
2
What is the billions digit of 2726055506?
2
What is the units digit of 191252031?
1
What is the tens digit of 224326483?
8
What is the units digit of 51064368?
8
What is the billions digit of 1414439743?
1
What is the thousands digit of 907987212?
7
What is the ten thousands digit of 1579570852?
7
What is the hundreds digit of 335414609?
6
What is the hundreds digit of 108939093?
0
What is the thousands digit of 119908238?
8
What is the ten millions digit of 23492446?
2
What is the millions digit of 96338658?
6
What is the ten thousands digit of 1200123601?
2
What is the hundred millions digit of 221023247?
2
What is the ten millions digit of 5985339249?
8
What is the hundred millions digit of 183219636?
1
What is the ten millions digit of 696867182?
9
What is the units digit of 196317654?
4
What is the millions digit of 66238055?
6
What is the ten millions digit of 144371066?
4
What is the hundred thousands digit of 101973392?
9
What is the hundred thousands digit of 322430807?
4
What is the hundred thousands digit of 155403600?
4
What is the billions digit of 2693492552?
2
What is the hundred thousands digit of 4863642031?
6
What is the ten millions digit of 301897078?
0
What is the hundred thousands digit of 1865819191?
8
What is the hundred thousands digit of 100546524?
5
What is the thousands digit of 284629275?
9
What is the units digit of 127353043?
3
What is the ten millions digit of 813077672?
1
What is the thousands digit of 248131804?
1
What is the ten thousands digit of 186520203?
2
What is the ten thousands digit of 62212436?
1
What is the millions digit of 4350861053?
0
What is the thousands digit of 83460654?
0
What is the hundred millions digit of 1413174780?
4
What is the units digit of 165476587?
7
What is the ten thousands digit of 88777735?
7
What is the units digit of 1745895672?
2
What is the hundreds digit of 1883622439?
4
What is the thousands digit of 4492493?
2
What is the units digit of 86028552?
2
What is the hundreds digit of 126753633?
6
What is the units digit of 17245164?
4
What is the ten millions digit of 723874267?
2
What is the millions digit of 213567497?
3
What is the hundreds digit of 318388643?
6
What is the thousands digit of 26934363?
4
What is the hundred millions digit of 5333677985?
3
What is the hundred thousands digit of 55819379?
8
What is the hundreds digit of 2343336095?
0
What is the hundred thousands digit of 43352143?
3
What is the hundreds digit of 3433664064?
0
What is the ten millions digit of 537742082?
3
What is the hundreds digit of 207344093?
0
What is the ten thousands digit of 27570078?
7
What is the hundreds digit of 123175902?
9
What is the hundreds digit of 38346335?
3
What is the tens digit of 2906385959?
5
What is the ten millions digit of 768416664?
6
What is the tens digit of 1529446106?
0
What is the hundred thousands digit of 153052487?
0
What is the units digit of 4307786299?
9
What is the tens digit of 329227228?
2
What is the millions digit of 637184943?
7
What is the ten thousands digit of 5708872?
0
What is the ten millions digit of 460802597?
6
What is the ten millions digit of 175897423?
7
What is the millions digit of 479871797?
9
What is the millions digit of 199021187?
9
What is the hundred millions digit of 930050304?
9
What is the tens digit of 3589754?
5
What is the hundreds digit of 1629438028?
0
What is the hundred millions digit of 109532880?
1
What is the tens digit of 48703962?
6
What is the ten millions digit of 798908236?
9
What is the hundreds digit of 1573241467?
4
What is the thousands digit of 46493321?
3
What is the ten millions digit of 1423098628?
2
What is the hundred millions digit of 474942658?
4
What is the units digit of 130022582?
2
What is the millions digit of 4405409800?
5
What is the hundreds digit of 4354727146?
1
What is the ten millions digit of 42085886?
4
What is the millions digit of 347258062?
7
What is the billions digit of 5726454548?
5
What is the hundreds digit of 1259715507?
5
What is the hundred thousands digit of 61573236?
5
What is the ten millions digit of 194129544?
9
What is the thousands digit of 3810753616?
3
What is the millions digit of 55224559?
5
What is the thousands digit of 5249466766?
6
What is the hundred millions digit of 104022607?
1
What is the billions digit of 1442719639?
1
What is the ten millions digit of 5956361317?
5
What is the millions digit of 173600561?
3
What is the hundred millions digit of 9373211987?
3
What is the hundreds digit of 135807318?
3
What is the tens digit of 67134890?
9
What is the thousands digit of 139073929?
3
What is the ten millions digit of 1704521425?
0
What is the tens digit of 8109275155?
5
What is the millions digit of 81958081?
1
What is the ten thousands digit of 2612666206?
6
What is the units digit of 242516035?
5
What is the millions digit of 288872806?
8
What is the hundred millions digit of 323929318?
3
What is the thousands digit of 57396460?
6
What is the millions digit of 3198114036?
8
What is the units digit of 741453?
3
What is the hundreds digit of 59864891?
8
What is the thousands digit of 126452773?
2
What is the ten thousands digit of 124423300?
2
What is the thousands digit of 822516251?
6
What is the hundred thousands